 the prime factors of s?
3, 5
Let m be (-2)/4 + 14/4. Let k be m/(-9) - (-370)/3. Suppose -3*l + k = -0*l. What are the prime factors of l?
41
Suppose 16*d = 8*d + 3064. Suppose -3*v + 2*k = -d, 3*k = -5 + 2. List the prime factors of v.
127
Suppose -5*q = -4*c + 5432 - 1850, c - 888 = 5*q. List the prime factors of c.
2, 449
Suppose 5*w + 5*f + 487 = 2557, -4*w + 3*f = -1684. List the prime factors of w.
2, 11, 19
Suppose 90 = 12*r - 3*r. Let j = r - -34. List the prime factors of j.
2, 11
Suppose 12*k - 4046 = 4222. List the prime factors of k.
13, 53
Suppose -4*a = -a - 576. Suppose -a = -12*o + 6*o. What are the prime factors of o?
2
Let l(j) = -j - 7. Let o = -11 + 2. Let p be l(o). Suppose -3*x + 110 = p*x. What are the prime factors of x?
2, 11
List the prime factors of (-1 - 3) + (879 - -3).
2, 439
Let a(g) = -g**2 - 27*g - 17. Let f be a(-12). Suppose -3*i + 2*i + f = 0. List the prime factors of i.
163
Let i(g) = -76*g**3 + 2*g**2 + 3*g. What are the prime factors of i(-2)?
2, 5, 61
Suppose h - 5*j - 42 = 100, -5*j + 329 = 2*h. List the prime factors of h.
157
Let i = -226 + 293. What are the prime factors of i?
67
Let u = -106 + 112. Suppose 0*n + u*n = 1872. List the prime factors of n.
2, 3, 13
Let z(h) = h + 12. Let t = 62 - 40. What are the prime factors of z(t)?
2, 17
Suppose 0 = 5*j - 4*l - 7, j - 2*l + 7 = 2*j. Suppose -5*g + 0*g - j*f = -375, -5*g - 4*f + 370 = 0. List the prime factors of g.
2, 3, 13
What are the prime factors of 1808/1 + (-333)/(-37)?
23, 79
Let g = -15 + -5. List the prime factors of (-2 + (-475)/g)/((-1)/(-4)).
3, 29
Suppose 8*o = 3*o + 1625. List the prime factors of o.
5, 13
Let d = -947 - -2099. What are the prime factors of d?
2, 3
Suppose 3*v + 15 = 8*v. Suppose 0*g = 4*g - 20. Suppose g*f = -v - 7, -o + 3*f + 9 = 0. What are the prime factors of o?
3
Let n(t) = -9*t - 11. List the prime factors of n(-32).
277
Let a(k) = -k**2 + 14*k - 12. Let q be a(13). Let h be 0 + q*44/2. Suppose 0 = 4*f - h - 134. What are the prime factors of f?
3, 13
Let b(p) = 52*p**2 - 5*p + 12. List the prime factors of b(5).
3, 11, 13
Let p(m) = m**3 + 27*m**2 + 28*m + 46. Let r be p(-26). What are the prime factors of 5*r/(-15)*573/6?
191
Let g be 69/(-5) - (-1)/(-5). What are the prime factors of (-1138)/g - 5*2/35?
3
Let r(d) = d + 4. Let q be r(-2). Suppose 0 = s + 2*f - 53, -q*s - 3*f - 15 = -119. List the prime factors of s.
7
Let j = 22 + -18. Suppose -4*m = -2*m - j*l + 238, -4*m = 2*l + 526. Let k = m - -186. List the prime factors of k.
3, 19
Suppose a = -9 + 11. Suppose -5*z - 28 = 2*y - y, 0 = 2*z + 8. What are the prime factors of -20*(20/y + a)?
2, 5
Suppose -5*c + c - 24 = 0. List the prime factors of ((-2)/c)/(3/414).
2, 23
Suppose 4*i - 5*l = i + 7, -l = 3*i - 13. List the prime factors of (i*1)/(8/128).
2
Let a be (-2)/(1*(-2 + 1)). Let z be -3 + a + -1 + 73. Suppose 3*i - 3*d - 33 = i, d + z = 4*i. List the prime factors of i.
2, 3
Suppose 19754 = 14*o + 20*o. What are the prime factors of o?
7, 83
Suppose y - 18 = 12. Suppose -10*a = -29 - 1. Suppose 33 + y = a*b. List the prime factors of b.
3, 7
Let y(v) = 13. Let b(h) = 2*h + 66. Let l(p) = 4*b(p) - 22*y(p). What are the prime factors of l(8)?
2, 3, 7
Suppose 4*d + 332 = 5*d. Suppose -9*q - d = -13*q. What are the prime factors of q?
83
Let u(c) = 12*c - 4. Let a = -28 + 31. List the prime factors of u(a).
2
Suppose 110*p = 123*p - 71656. What are the prime factors of p?
2, 13, 53
Let n be ((-18)/21)/(2/(-14)). Let d(t) = -t**2 + 8*t - 5. Let z(y) = y - 1. Let g(m) = -d(m) + 6*z(m). List the prime factors of g(n).
23
Let r = 2548 - 1503. What are the prime factors of r?
5, 11, 19
Suppose 0 = -3*p - a + 307, -12*p + 17*p + 5*a = 525. What are the prime factors of p?
101
Suppose -y - 329 = -2*z, -2*z + 5*y + 501 = 160. List the prime factors of z.
163
Let d = -475 - -1183. List the prime factors of d.
2, 3, 59
Let h(k) = -k**3 + 4*k**2 + 2*k - 5. Let x be h(4). Suppose x*l = l + 8. Suppose 3*z + 51 = 3*s, 0*s + l*z = 3*s - 50. What are the prime factors of s?
2, 3
Suppose 5*r = v, 3*r - 2*v = -0*r. What are the prime factors of (-2 - r)*(-108)/8?
3
Suppose 5*v + 2*g = v + 26, 0 = v + g - 5. Suppose 0 = -5*d + 3*d + 10. Suppose d*u - 62 = v. List the prime factors of u.
2, 7
Suppose -40 = -4*x + 2*p, -x = x - 2*p - 22. What are the prime factors of (5 + -4)*-9*x*-1?
3
Let u = 28 - 26. Suppose u*k + 5*g - 50 = 0, 148 = 4*k - 4*g + 2*g. Suppose 4*v - k = -v. List the prime factors of v.
7
Let n = -10 + 5. Let q = n + 9. Let y = 6 + q. What are the prime factors of y?
2, 5
Let z = -34 + 34. List the prime factors of 1 - ((-18)/2 - (z + 3)).
13
Suppose 2*p + 987 = 5*c, -211 = -5*c + 4*c - 3*p. What are the prime factors of c?
199
Let v(b) = -b**3 + 13*b**2 - 7*b - 20. Let d(x) = 2*x**3 - 25*x**2 + 13*x + 39. Let w(p) = 6*d(p) + 11*v(p). List the prime factors of w(7).
3, 7
What are the prime factors of (-6 + 5)*(-1354 - -9)?
5, 269
Let q = 10 + -9. Suppose 5*y + 6 - q = 0. List the prime factors of 2 - (-18 - y) - -2.
3, 7
Let o = 7 - 11. List the prime factors of ((-132)/5)/o*10.
2, 3, 11
Suppose -4*k + k - 888 = 0. Let u = -136 - k. Suppose -6*z + 160 = -2*z + 5*m, -4*z = m - u. List the prime factors of z.
2, 5
Let w(y) = y**2 + 26*y + 51. Let x be w(-24). List the prime factors of x + ((-12)/(-3) - -86).
3, 31
Suppose 3*s + 15 = -4*i - 71, -5*i = -2*s - 65. What are the prime factors of 769/13 + s/195?
59
Suppose 5*a - 12*x - 13309 = -11*x, 0 = 2*a + 2*x - 5314. List the prime factors of a.
3, 887
Let z(c) = 20*c**2 + c - 2. Suppose 14 = -5*g + 3*u, -2*g - 3*g + 5*u - 10 = 0. List the prime factors of z(g).
2, 157
Let a = 14 + -10. Suppose a*w - 40 = -2*t, -2*t + 0*w - 2*w = -50. Suppose 3*n - 1 = 2*z + t, 4*n = -2*z + 32. List the prime factors of n.
3
Let y(m) = -214*m - 15. Let w be y(-3). Suppose 438 = 5*j - w. What are the prime factors of j?
3, 71
Suppose y + 2 = -r, 3*y + 2 + 4 = -5*r. Suppose -i - 4*c + 157 = 0, 2*i = -r*i - 3*c + 294. What are the prime factors of i?
3, 47
List the prime factors of (-348)/(-116) - 332/((-2)/1).
13
Let a = 11 - 7. Suppose -5*x + x - 15 = l, 9 = l - a*x. Let c = l - -5. What are the prime factors of c?
2
Suppose 5*z + 380 = -25. Suppose 0 = -4*q - 3*s + 537 - 79, -s - 118 = -q. Let f = z + q. List the prime factors of f.
5, 7
Let s be -1 + -2 + 2 - -3. Let d = -383 - -422. Suppose s*b = 3*b - d. What are the prime factors of b?
3, 13
Let h = -426 + 1868. What are the prime factors of h?
2, 7, 103
Suppose 3*j - 3*o = 490 + 5108, 3*j - 4*o - 5600 = 0. What are the prime factors of j?
2, 233
List the prime factors of (-2)/2*(-314 - 61).
3, 5
Suppose 3*v + 6 = 15. Let o = 80 - 80. List the prime factors of v - (-21 + 0 - o).
2, 3
Let z = -62 - -57. Let l(i) = -17*i + 9. List the prime factors of l(z).
2, 47
Suppose -4*j = -4*i + 8832, -10281 = -4*i - 2*j - 1479. List the prime factors of i.
2203
Let h be 3/(-4) + ((-25)/20 - -4). Let v(u) = 39*u**2 + u - 4. What are the prime factors of v(h)?
2, 7, 11
Suppose -5*q = -309 - 2826. What are the prime factors of q?
3, 11, 19
Suppose -l + 2*z + 1334 = z, -3*z = l - 1346. What are the prime factors of l?
7, 191
Let z be (-24)/5*90/(-27). Let x be (z/(-12))/(3/297). Let c = -84 - x. What are the prime factors of c?
2, 3
List the prime factors of (1100/(-30))/11*87/(-2).
5, 29
Suppose 9 = 3*t, 5*z = z + t - 63. Let u(o) = 2*o**2 + 4*o - 6. Let w be u(-5). Let r = w + z. What are the prime factors of r?
3
Let r(l) = 21*l**2 + l. Let s = 12 - 13. Let z be r(s). Suppose z = 5*q - 5*v, 3*v + 2 + 6 = q. What are the prime factors of q?
2
Let g be 0 - 1 - (-3 + -174 + -3). Suppose -8 = 3*t - g. What are the prime factors of t?
3, 19
Let i = -419 - -682. What are the prime factors of i?
263
Let a(x) = 15*x + 2. Let w be a(-1). Let f = 32 + w. What are the prime factors of f?
19
Let x = 433 + 443. What are the prime factors of x?
2, 3, 73
Let j = -142 + 205. List the prime factors of j.
3, 7
Suppose 4*s - 4*p = 36, -2*p = 2*s + 3*p + 17. Suppose 2*t - 3*y - 53 = 22, -s*t + 2*y + 170 = 0. What are the prime factors of t?
3, 5
Let r(h) = 46*h - 285. What are the prime factors of r(14)?
359
Let n = 9496 + -5572. What are the prime factors of n?
2, 3, 109
Let m(c) = 39*c**2 - 13*c